 Suppose -4*s + s - 150 = 0. Let d = 2253 - 2307. Let v = d - s. Give m(v).
-5
Let x(r) = -7*r + 11. Let z(o) = o - 1. Let f(q) = -x(q) - 6*z(q). Give f(2).
-3
Let k be 178/(-26) + 5*18/(-585). Let t(p) = p**2 + 14*p + 26. Determine t(k).
-23
Let h(s) be the third derivative of s**6/120 + 11*s**5/60 + 2*s**4/3 + 19*s**3/6 + 28*s**2 + 13. Give h(-10).
-41
Let a(z) = z**3 + z**2 - 5*z - 2. Let y be a(-3). Let k be 2 + 3 + (-7 - -5). Let b(p) = -12 + 7*p - 3*p - k*p - 2*p. What is b(y)?
-7
Let g(f) = f - 1. Suppose 10 = -48*d + 53*d. Let q(c) = -c + 4. Let r(n) = d*g(n) + q(n). Suppose 3*s - k - k - 2 = 0, -4*k - 4 = 4*s. Give r(s).
2
Let r(b) = b**3 + 11*b**2 - 13*b - 18. Let a be r(-12). Let i(k) = k + 4 + 7*k + 2*k - 6*k. Determine i(a).
-20
Let o(j) = -j - 17. Let b be o(-21). Suppose b*p - 9*p = -50. Suppose 0 = -s + p*s + 27. Let t(x) = -2*x. Determine t(s).
6
Let j(z) = -z**2 + 67519 + 2*z - z - 67523. Let d(t) = -t**3 + 6*t**2 + 17*t - 5. Let u be d(8). Calculate j(u).
-10
Let q = -97 - -92. Let l be (q - -8) + -5 - (8 - 1). Let f(p) = -p**3 - 9*p**2 + 2*p + 9. Determine f(l).
-9
Suppose 20 = -3*k - 1. Let p(n) be the first derivative of n - 11 + 1/2*n**2. Give p(k).
-6
Suppose 0 = 3*b + 5*w - 62, -w = -3*b + 3*w + 26. Suppose -6*k - 2 + b = 0. Let u(m) = -4 - m**k + 10 + 8*m - 10. Calculate u(8).
-4
Let q(k) = 13*k + 15. Let y(w) = -16*w - 16. Let u(s) = -5*q(s) - 4*y(s). Let j be ((-2)/(-6))/((-2)/(-36)). Suppose -j*t = -t + 40. Give u(t).
-3
Suppose 99*p - 27 = 108*p. Let b(a) = -4*a + 1 - 1 - 3 + 0*a - 2*a**2. What is b(p)?
-9
Suppose 578 = -9*v + 92. Let d be v*-3*20/45. Suppose 7*l + d = -5*l. Let y(b) = b**3 + 6*b**2 + 2. Determine y(l).
2
Let s(h) be the first derivative of 49 + 1/2*h**2 - 2/3*h**3 - 2*h. Determine s(-2).
-12
Let z be (-6)/(0 + -7 + (-48)/(-17 + 5)). Let w(d) = 31*d - 12. Calculate w(z).
50
Suppose 4*k - 20 = 12. Let h(v) = 303*v**2 - 38*v + 5. Let n(o) = 91*o**2 - 12*o + 2. Let d(m) = -3*h(m) + 10*n(m). Calculate d(k).
21
Let q(l) = 2*l + 1. Suppose -a = a - j + 32, 0 = 3*j. Let y be 12/8 - (-136)/a. Determine q(y).
-13
Suppose -6303 + 588 = -9*k. Suppose 0 = k*o - 636*o + 2. Let d(g) = g + 1. Determine d(o).
3
Let m(q) = -4*q + 19. Let l = 23725 + -23708. Give m(l).
-49
Let z(r) = 7*r**3 - 4*r + 2. Let d(k) = -24*k + 241. Let u be d(10). What is z(u)?
5
Let g(a) = a**2 + a - 8. Let h be g(3). Suppose -3*q - 4*u - h = 0, 3*u + 35 - 3 = 5*q. Let w(k) = k**3 - 7*k**2 + 5*k + 1. Give w(q).
-27
Let o = 320 + -318. Let y(i) = 17*i**2 - 6*i**o + 2*i - 10*i - 6 - 9*i**2. Give y(6).
18
Let v(h) = 5*h**2 + h. Suppose 3*u = 58 - 13. Suppose -t - 3 = 3*q, u = 6*t - t. Let d be q + 6 - (-4 - -7). What is v(d)?
6
Let x(v) be the third derivative of 0*v + 1/24*v**4 + 3/2*v**3 + 0 + 43*v**2. Calculate x(-11).
-2
Suppose 5*r = -5, -v - 2*r = -7*r - 1384. Let z(x) = v*x - 2754*x - 3 + 1378*x. Calculate z(5).
12
Let h(k) = -7*k + 7509 + 7570 - 14964. What is h(17)?
-4
Let d(t) be the first derivative of -t**2/2 + 5*t - 2477. Give d(9).
-4
Let x = 1 + -3. Let i(k) = -7*k**3 + 10*k**2 + 30*k - 5. Let v(z) = -4*z**3 + 6*z**2 + 18*z - 3. Let t(r) = -3*i(r) + 5*v(r). What is t(x)?
-8
Let c(o) = 23*o**2. Let s(b) = -9*b + 2. Let l be s(-5). Suppose 443 = -43*m - 1234 - 387. Let z = l + m. Calculate c(z).
23
Let s(w) = -w + 15. Let i = 32624 + -32629. Determine s(i).
20
Let t(j) = -j**2 + 13*j - 34. Let z be t(5). Let w(o) be the second derivative of o**4/6 - 7*o**3/6 - 2*o**2 - 38*o + 2. Determine w(z).
26
Suppose -2*s + 72 = 2*s. Let m(c) = c**3 + 1 - 8 + s*c**2 - 25*c**2 + 3*c. What is m(7)?
14
Let x(m) = -m**2 - 33*m + 72. Let h be x(-35). Suppose -12 = h*c - 28. Let q(j) = j**3 - 9*j**2 + 8*j - 8. Give q(c).
-8
Suppose 4*k = 4*b + 75 - 67, k + 5*b + 46 = 0. Let n(j) = -56*j - 336. Determine n(k).
0
Let r(m) = -8*m + 51*m + 11*m - 19 - 13*m - 8*m. Calculate r(3).
80
Let m(l) = -l**3 + 6*l**2 - 5*l - 3. Let y = -40 - -38. Suppose -1 = 4*u + 5*c + 36, -25 = 5*c. Let i be y/(-1 - ((-12)/(-8))/u). Give m(i).
9
Let j(x) = -x**2 - 8*x + 36. Suppose -69*g - 248 = 61*g - 898. Determine j(g).
-29
Let j(i) = -i**3 + 2*i + 4. Let o(n) = -3*n**3 + 74*n**2 + 289*n + 86. Let q(k) = 4*j(k) - o(k). Determine q(-70).
0
Suppose g = 7*n - 5*n + 9, 0 = -4*n - 3*g - 23. Let w(b) be the first derivative of 5*b**2/2 + 6*b - 161. Give w(n).
-19
Suppose 2*t - 5*t + 188 = 179. Let s(g) be the second derivative of 0 + 0*g**2 - 1/6*g**t + 1/12*g**4 + 24*g. Calculate s(0).
0
Let j(z) = -z**3 + 7*z**2 + 15. Let a(l) = -l**3 + 5*l**2 + 13. Suppose -21*m + 24*m - 15 = 0. Let g(o) = m*j(o) - 6*a(o). Determine g(-5).
-3
Let h = -32304 + 32308. Let u(s) = -29*s + 119. What is u(h)?
3
Let k(g) = -g**2 - 9*g - 8. Let d be k(-6). Let v(l) = l - d*l + 10*l. Determine v(-4).
-4
Let v(j) = -30*j. Let l be 7*46/(-161) + 0. What is v(l)?
60
Let n(s) = s**3 + 12*s**2 - 2*s - 29. Let r be n(-12). Let z(o) = o**2 - 6*o - 11. Let t(f) = -6*f**2 + 30*f + 56. Let h(l) = -2*t(l) - 11*z(l). Determine h(r).
4
Suppose 0 = -13*p - 0*p + 9*p + 28. Let x(w) = 2*w - 11. Determine x(p).
3
Suppose -414 = 2*c - 5*c. Suppose -4*w + c = -5*k - 22, -5*k - w - 160 = 0. Let p = k + 30. Let d(x) = 9*x + 1. Give d(p).
-17
Let y = 0 - 4. Let l be 2/y + (-3)/(-6). Let p(z) = 44*z**3 + z**2 - z - 103*z**3 + 58*z**3 + z - 13. Give p(l).
-13
Let x(p) = -22*p + 16. Let r(n) = 11*n - 7. Let h(w) = -9*r(w) - 4*x(w). Suppose 0 = -5*i - z - 10, -2*i + 2*z = -2*z + 4. Determine h(i).
21
Let u(z) = z**3 + 34*z - 36*z + 176 - 27*z**2 - 181. Give u(27).
-59
Suppose 4*l - 29 = -5*s, -4*l + 2*s = -0*l + 6. Let d(m) = -6*m + 2. Let c(r) = -2*r + 1. Let t(p) = l*d(p) - c(p). Give t(-6).
25
Suppose -2*i + 48 = 4*y, -147*i = 2*y - 149*i - 24. Let m be 0/(((-6)/y)/(1/(-4))). Let f(l) = l**3 - l**2 + l + 5. Determine f(m).
5
Let c(f) = -2*f**2 + 2*f - 30. Let i(b) = 14*b**2 - 9*b + 212. Let w(g) = 15*c(g) + 2*i(g). Give w(8).
-58
Let o(p) = p**3 - 5*p**2 - 8*p - 4. Suppose 5*i + 2 = 4*z, -z + 2*i + 11 = 4*z. Suppose z*y = -2*y - 2*x - 2, 2*y + 4*x = 12. Let w be 1 - 1/y*10. Give o(w).
-16
Let y(s) be the third derivative of s**5/60 + 11*s**4/8 + 85*s**3/6 - 1796*s**2. Determine y(-30).
-5
Let q = 45 + -5. Suppose -9*j = -5*j + q. Let p = -16 - j. Let w(b) = -b**3 - 6*b**2 + b + 6. What is w(p)?
0
Let r(v) = 63*v - 3*v**2 - 1 + 4*v**2 + 2 - 57*v. Suppose -2*n - 2 = -z, -8*z + 5*z - 38 = 5*n. Give r(z).
1
Let p(f) = -f**2 - 12*f + 6. Let q be (-11 - -6 - 9)*-7*5/(-35). What is p(q)?
-22
Let t(o) = -15310 + 2*o + 7738 + 7575 - o. Let w(d) = -d**3 - 6*d**2 - 5*d + 3. Let q be w(-4). Calculate t(q).
-6
Let b = -1661 + 1659. Let f(j) = -8*j**2 - 4*j - 7. Give f(b).
-31
Let n(o) = -10*o**3 - 2 - 13*o**3 - 11*o**3 + 3*o + 11*o**3 + 2*o**3. Calculate n(1).
-20
Let w(b) be the second derivative of b**4/6 + 7*b**3/2 - 3*b**2/2 + 3109*b. Give w(-10).
-13
Let p(g) = -8*g + 20 - 2*g - 8 + 9*g. Determine p(8).
4
Let o(n) = -2*n**3 + 51*n**2 - 26*n + 8. Let b be ((18/(-3) - 4) + 5)*(1 + -6). Determine o(b).
-17
Let k(d) = -d**3 + 2*d**3 + 9 + 16 - 11*d**2 - 9709*d + 9735*d - 3. Determine k(7).
8
Let t be (14/5)/((-15)/75). Let a(i) = -i**3 - 15*i**2 - 14*i + 3. Let g be a(t). Suppose p - 7 = -g*b, p + 4*p + 4*b = -9. Let j(s) = -s - 7. What is j(p)?
-2
Suppose 72*n - 102 = 114. Let w(f) = -f - 10. Give w(n).
-13
Let m = -3 + 7. Let f(z) be the second derivative of -z**4/12 + 2*z**3/3 + 3*z**2/2 + 1674*z. Give f(m).
3
Suppose -39*w - 267 + 44 - 167 = 0. Let v(g) = -3*g - 36. What is v(w)?
-6
Let k(w) = -4*w**3 + 7*w**2 - 13 - 5*w + 30 + 3*w**3 - 3*w**2. Let z be k(3). Let a(x) = -x**2 + 10*x + 12. What is a(z)?
1
Let b(m) be the second derivative of 1/2*m**2 + 0*m**4 - 3 - 1/3*m**3 + 26*m + 39/20*m**5. Determine b(1).
38
Let f be (-13)/(-3) + (-28)/21. Let i(b) = -14*b**f - 6*b**3 + 21*b**3 - 4*b - 6 + 0 - 4*b**2. Calculate i(5).
-1
Let s(c) = -c**3 - 5*c**2 - 23*c - 9. Let z(m) = m**3 + 5*m**2 + 20*m + 7. Let d(v) = -5*s(v) - 6*z(v). What is d(-5)?
28
Let m(n) = -2*n**3 - 9*n + 17. Let p be m(2). Let h(r) = -3*r**2 - 49*r + 26. Calculate h(p).
-8
Let q(i) = -2*i**2 - 23*i + 38. Suppose 3*a - 39 - 23 = 5*d, 0 = 3*a + 3. Determine q(d).
-1
Let n(p) = -93*p - 89*p + 269*p - 85*p + 28. Calculate n(-16).
-4
Let v(n) = -n**2 - 9*n + 20. 